+ -1 + 48 + -4.
50
What is the value of 0 + 10 + 12 + (12 - (11 + 63))?
-40
What is the value of -13 - (11 + 1 + (132 + -65 - 59))?
-33
Evaluate 23 - (0 - (-4 - (-3 + (5 - (19 + -6))))).
30
What is the value of 1800 + -1712 - (2 - -133)?
-47
Evaluate 50 - 46 - (-1 - (1 + -5 + -6)) - -1.
-4
What is the value of (8 - -6) + -14 + (11 - -4) + -74?
-59
Evaluate -29 - ((-10 - 10) + -9 + 20).
-20
What is (5 - (3 - (-5 + -5 + -30))) + (-7 - -12)?
-33
What is the value of 28 + -22 + -12 + 13 + 1 + 60?
68
What is the value of 7 + (-6 + -15 + 7 - (3 - 13))?
3
5 - -176 - 196 - (-2 + 0 + -93)
80
Calculate (-3 - 0 - 21) + -49 + 46 + (-18 - -26).
-19
What is the value of (53 - 2) + ((7 - -5) + 2 - 23)?
42
What is the value of (0 - -18) + 241 + -2 + -226?
31
What is the value of -45 + 1 + (-279 - -265) + 11?
-47
Calculate (-3 - -1) + (-4 - (7 + -2)) - 3 - 7.
-21
What is the value of 32 - ((11 - -4) + (11 - (-8 - -34)))?
32
Calculate -181 - (83 - (-90 - -261)).
-93
What is (-2 - 18) + 13 - (-49 + -2)?
44
What is -5 + -75 + (-10 - (-9 + (-2 - (0 - 11))))?
-90
Evaluate -66 + -74 + 101 + 33.
-6
Calculate (1 - -11) + -12 + -53 + 67 - -17.
31
Evaluate -52 + (-53 - -99) + 45.
39
61 - (17 + 39) - -73
78
What is the value of 5 + (-12 + 0 + (-21 - 6) + 17 - -2)?
-15
Calculate 71 + -9 + (1440 - 1536).
-34
Evaluate -13 + (-5 + 23 + -4 - 10 - -8).
-1
(-10 - (-10 + 13)) + (40 - 20) + -11
-4
What is 2 - 1 - -56 - (-5496 - -5509)?
44
(-5 - -2) + -7 - (72 - 52)
-30
What is the value of (1 - (10 + -6 + 3)) + (-23 + 20 - 89)?
-98
What is 26 + -24 + (-16 - -16) - (37 + 6)?
-41
Calculate 25 + -10 + 13 + 1 + (-4 - 6) + 4.
23
What is -11 + -3 - -24 - (14 - 2)?
-2
Evaluate -5 + -8 + (8 - 34) + 9 - 14.
-44
What is the value of (-516 - -472) + (-1 + 12 + 0 - (33 - 32))?
-34
Calculate -2 - ((23 - 3) + -44 + 55 + -25).
-8
Evaluate -19 + 25 - (50 + -90).
46
12 - ((4 - (5 - 3)) + 16 + (8 - 25))
11
What is (350 - 341) + 2 + -45?
-34
Evaluate 91 - (14 + -5) - (-10 + (-3 - 1)).
96
Calculate 341 + -343 - ((-1 - (-4 + 0)) + -4).
-1
What is the value of 50 - 13 - 5 - 56?
-24
What is -1500 + 1528 - (-6 - -10 - (-4 + -2 - 2))?
16
Evaluate (6 - (-16 + (27 - 8))) + -8 + -51.
-56
Evaluate 6 - (20 - -1 - (-1442 + 1471)).
14
Calculate (-24 - -87 - 84) + 44.
23
Evaluate 15 + -4 + (7 - (-2 - -4)).
16
What is 22 + (-30 - -36) + -2 + 9?
35
Calculate 8 - 0 - (0 + -11 - (24 + -27)).
16
What is -48 - (-29 - (180 + -101))?
60
What is 26 + 3 + (30 - 41) - 31?
-13
Calculate -52 + (-2 - -1) + (-63 - -72).
-44
Calculate (-2 - 13 - 2 - 2) + (53 - 45) - -10.
-1
What is -37 + -69 + 15 + -13 + 14?
-90
What is 51 - 0 - (-30 + (-24 + 30 - -14)) - 1?
60
Evaluate 0 + 5 + 2416 + -2421 - (0 - -1 - -24).
-25
Calculate 22 + -2 + (66 - 101) + 62.
47
What is the value of -204 + 315 - (2 + 57)?
52
What is the value of 41 + (47 - -117) + -50?
155
Calculate -41 + (-11 - (14 + -11) - -41 - 15).
-29
Evaluate 45 - 37 - (6 - -75).
-73
What is -68 + 148 + 40 - 73?
47
What is the value of (-38 + 4 - -33) + (-2 + -1 - (2 - -75))?
-81
-87 - (4 + 12 - -4 - 9) - -20
-78
What is -1 + (1 - 12) - (-547 - 61 - -503)?
93
10 + 2 - (-18 - (-24 - 3))
3
52 - -1 - (-160 - (-416 - -221))
18
What is the value of 41 - ((27 - -85) + -16)?
-55
Evaluate (5 - 18) + -108 + 67.
-54
Calculate 17 - (23 - (4 + (10 - 8))) - -75.
75
251 + -520 + 243 + (0 - -17)
-9
What is -1 + 2 - 21 - (-67 - (25 + -88))?
-16
What is the value of 131 + -80 - 114 - -36?
-27
What is (5 - -16) + -38 + 63?
46
Evaluate 45 - 1 - (14 - 1 - (-37 - (53 + -109))).
50
Calculate -1 - -2 - (-17 - (61 - 1)).
78
Evaluate 24 - -44 - 35 - (7 + -2).
28
Evaluate 142 + 15 + -21 - (-9 - -23).
122
What is (119 - 122) + -14 + (-2 - -4) + 2?
-13
Evaluate (-17 - (10 - 1)) + 8 - -51.
33
Calculate (79 - (-8 + 15)) + 6 + 7 - -10.
95
What is -7 + (-19 + 32 - 27)?
-21
Evaluate 1 + 77 - (7 - (39 + (-37 - 14))).
59
Evaluate (12 - (27 + -9) - 88) + -19 + 19.
-94
Evaluate 1 + 83 + -1 + 2 + -34 + (1059 - 1039).
71
Evaluate -41 + (-23 - 23) + 62.
-25
What is the value of -61 - (125 + -10 - 105)?
-71
Evaluate -16 + (24 + -39 - -29 - -5).
3
5 + (17 + -7 - 29) - -29 - 71
-56
What is the value of (0 - -8) + 60 + (60 - 118)?
10
Evaluate (-34 - -75) + 12 + -19 + -1 + (-4 - -3).
32
Evaluate 29 + -6 + (6 + 2 - 0) + (-238 - -228).
21
What is (-18 - -16) + 20 + 13 - ((3 - 5) + 2)?
31
Calculate 65 - -1 - (19 - -39).
8
Evaluate 67 + (-126 - -21) + 9.
-29
Evaluate (170 - (40 + -17)) + (0 - 16) - -4.
135
What is the value of (23 - 6) + (-55 - -64)?
26
Evaluate 6 + (2 - ((-19 - -11) + 12)) + -56 + 5.
-47
10 + -1 + -2 - (-4 + 18 + -9 - 54)
56
What is the value of -18 - (31 - 9) - (2 - (-10 + 8))?
-44
Calculate (-43 + 44 - (0 - 19)) + 6.
26
What is 98 - 141 - 5 - (6 + -30)?
-24
-135 + (-93 - 31 - -134)
-125
What is 25 + -44 + (-69 - -47)?
-41
What is (-1 - -16) + -1 - (65 + -112 + 41)?
20
Evaluate 51 + -30 - (15 + 4 + 10).
-8
What is the value of -146 + (10 - (12 - 3) - (4 - 22 - -29))?
-156
-19 + 13 - ((-3 - (3 + -6 + 46)) + 7)
33
Calculate (117 - 9) + -48 + -19 + 13.
54
Calculate 2701 - 2806 - (5 - (-5 - -12)).
-103
What is 8 + (-16 - -9) + (14 - (0 + -3)) + 5?
23
-14 + (-22 - (-6 - 18) - (0 + 3 - 126))
111
What is the value of (1215 - 1183) + -64 + 3?
-29
Calculate -11 - ((25 - 1) + -25) - 7.
-17
Calculate 21 - (17 - ((-10 - 6) + 3)).
-9
What is (23 - 9) + -4 + -2 + (-8 - 7) - -23?
16
Evaluate 5 + -12 + -6 - (-77 - -19 - 13).
58
What is the value of (61 - (25 - 65)) + -41?
60
146 - 150 - (15 + -10 + 11)
-20
What is the value of 2017 + -2043 + (-5 - -2) + (0 - 1)?
-30
What is -40 + 34 - 1 - -9?
2
40 - (-26 - (-212 - -113))
-33
8 - (38 - 111 - -166)
-85
-6 + (18 - 15) - (33 + -22 + (2 - 5))
-11
Evaluate (-94 - 21) + (3 - (41 + -21) - 4).
-136
-70 + -1 + -11 - 8 - -7 - (-4 - -4)
-83
Calculate 39 + -50 + -8 + 24.
5
Evaluate (-7 - 0) + 105 + -73 + (5 - -2).
32
What is -25 + 6 + 68 - -22?
71
Calculate (-137 - -56) + 51 + 55.
25
((15 - -3 - 15) + 13 - 114) + 19
-79
1966 + -1857 + (-54 - 1)
54
What is the value of -30 - (-28 + 3 + (-424 - -446))?
-27
Evaluate 14 + (4 - (0 - (-23 - -9))).
4
What is -21 + 3 + -16 + 21 + (-24 - -2)?
-35
(11 - 154) + 71 - -55
-17
What is the value of 62 + 41 + -37 + -71?
-5
Evaluate 106 - ((-2 - -1) + (60 - (-52 - -101))).
96
-20 + 73 + -54 + (2 - 13)
-12
Evaluate -12 + (59 + -67 - (-4 - (0 - -79))).
63
Calculate 1 - -1 - (-5 + (24 - 17)) - -41.
41
(-3 + -2 + (-6 - -1 - -10) - 4) + 31
27
-31 + 2 + (1009 - 996)
-16
Calculate -26 - (6 + 0 + -30 + (9 - (-26 + 16))).
-21
Evaluate (216 - 63) + 37 - 122.
68
Evaluate -4 + 113 + 45 + -43 + (5 - 3).
113
Calculate (1 - 23) + (2551 - 2490) + -13.
26
Evaluate -5 + -86 + -414 + 496.
-9
Calculate (10 + (-86 + 94 - (2 - -6)) - 11) + 33.
32
1112 - 1204 - (-2 - (-3 - (2 + 10)))
-105
19 + (61 - -1) + -787 + 772
66
Calculate 12 + (0 - (2 + -4)) + 7412 + -7369.
57
What is the value of (45 - (-1 + -6 + 3)) + (-13 - 14 - -20)?
42
Evaluate (21 - -2) + -122 + 110 + 27 - 2.
36
Evaluate 69 + -205 + (-31 - -70) + 6.
-91
Evaluate 12 + (10 - 17 - 5 - (-2 + -2 + -137)).
141
Calculate -73 - (-72 - -55) - (-23 + -2).
-31
((-10 - -8) + -6 - (29 - 57)) + -3
17
What is the value of (6 - -55) + -9 + 18 + -13 + -4?
53
What is the value of 8 + (1 - -4 - ((-69 - -70) + 3 + 1))?
8
What is the value of -4 - (-11 - (-1 - 1 - (29 + (-8 - 17))))?
1
What is the value of 33 + -24 - (20 - (30 - -76))?
95
What is 48 + (0 - 1) + -5 + -4?
38
What is -27 - (-9 - -6 - -20 - 10)?
-34
Evaluate -132 + (-35 - -60 - 7) + 4.
-110
What is the value of 1329 + -1269 + 2 + -16?
46
-64824 - -64859 - (5 + (0 - 1) - 1)
32
-31 + 26 + (6 - 5 - -4)
0
Evaluate 159 + 1 + -30 + 142 + -151.
121
Evaluate -4336 + 4317 + (1 - (-1 + 2)) - -37.
18
What is the value of -2 + 19 + -69 + 36 + -26?
-42
Calculate -12 - (-6 - 7) - (4 + (-2 - -77)).
-78
Calculate 2 + -1 + 2 + -44 + 217 + -223.
-47
What is 20 + (29 - (47 - 15))?
17
Evaluate (-14 - (-6 + -22)) + (3 - -1 - 46).
-28
41 - (-49 - (9 - 111))
-12
-54 - (-9 + 58 + -56 + (-1 - -3))
-49
-24 - ((-80 - -12) + (33 - 77))
88
What is -41 - (42 + -8 + -64)?
-11
Evaluate 13 + (37 + -46 + -3 + 20 - (1 - -9)).
11
Evaluate (5 - -31) + (-146 - (-85 + 14)).
-39
Evaluate 20 - (-1 + 78 - (1705 - 1687)).
-39
What is the value of (4 - -1 - ((120 - 108) + -20)) + 107?
120
What is -36 + -114 + 71 